0
What is the greatest common factor of 26 and 377?
13
What is the highest common factor of 20 and 10?
10
What is the greatest common factor of 42 and 276?
6
Calculate the highest common factor of 288 and 32.
32
What is the highest common factor of 451 and 22?
11
What is the highest common divisor of 424 and 32?
8
What is the highest common factor of 9296 and 336?
112
Calculate the greatest common divisor of 72 and 1044.
36
Calculate the greatest common divisor of 44 and 16.
4
Calculate the greatest common divisor of 12 and 588.
12
What is the highest common factor of 112 and 56?
56
What is the highest common divisor of 539 and 2107?
49
What is the highest common divisor of 20 and 208?
4
What is the highest common divisor of 6 and 18?
6
Calculate the greatest common factor of 3440 and 96.
16
Calculate the greatest common factor of 6 and 810.
6
What is the highest common divisor of 264 and 946?
22
What is the greatest common divisor of 40 and 60?
20
What is the greatest common factor of 1560 and 150?
30
What is the highest common divisor of 210 and 150?
30
What is the highest common factor of 845 and 4485?
65
What is the greatest common factor of 1488 and 279?
93
Calculate the highest common factor of 244 and 5429.
61
What is the greatest common factor of 160 and 352?
32
What is the highest common factor of 25 and 400?
25
What is the greatest common divisor of 98 and 14?
14
What is the greatest common divisor of 66560 and 130?
130
What is the highest common divisor of 64 and 62?
2
What is the highest common factor of 70 and 175?
35
What is the highest common divisor of 342 and 27?
9
Calculate the highest common divisor of 534 and 356.
178
What is the greatest common factor of 108 and 96?
12
What is the greatest common divisor of 18 and 33822?
18
What is the greatest common divisor of 6924 and 24?
12
What is the highest common factor of 370 and 37?
37
Calculate the highest common divisor of 37 and 185.
37
What is the greatest common factor of 36 and 99?
9
What is the highest common factor of 30 and 1220?
10
Calculate the greatest common factor of 23 and 3.
1
What is the greatest common divisor of 11396 and 616?
308
Calculate the greatest common divisor of 41 and 2501.
41
Calculate the greatest common divisor of 198 and 18.
18
Calculate the highest common divisor of 552 and 345.
69
Calculate the greatest common factor of 6008 and 64.
8
What is the highest common divisor of 756 and 2052?
108
What is the greatest common divisor of 4988 and 3364?
116
What is the greatest common factor of 24 and 11784?
24
Calculate the greatest common factor of 56 and 64.
8
Calculate the highest common factor of 48 and 516.
12
What is the highest common factor of 38 and 76?
38
What is the highest common divisor of 330 and 6?
6
What is the highest common divisor of 910 and 260?
130
What is the highest common factor of 96 and 388?
4
What is the highest common factor of 498 and 24?
6
What is the greatest common factor of 40 and 1576?
8
Calculate the highest common factor of 987 and 63.
21
Calculate the greatest common factor of 3577 and 7.
7
What is the greatest common divisor of 675 and 54?
27
Calculate the highest common factor of 38 and 65854.
38
Calculate the greatest common factor of 925 and 370.
185
What is the greatest common divisor of 8550 and 665?
95
What is the greatest common factor of 2985 and 60?
15
Calculate the greatest common divisor of 29 and 783.
29
What is the greatest common divisor of 2168 and 12?
4
What is the greatest common factor of 13 and 1495?
13
Calculate the greatest common divisor of 1133 and 44.
11
What is the highest common factor of 1587 and 207?
69
What is the highest common divisor of 70 and 70?
70
What is the highest common divisor of 36 and 36?
36
Calculate the highest common factor of 84 and 31836.
84
Calculate the greatest common factor of 216 and 162.
54
What is the greatest common factor of 10 and 130?
10
What is the greatest common factor of 90 and 126?
18
What is the greatest common divisor of 21242 and 114?
38
What is the greatest common divisor of 316 and 2449?
79
What is the highest common divisor of 8 and 76?
4
What is the highest common factor of 150 and 15?
15
What is the greatest common divisor of 663 and 52?
13
Calculate the highest common divisor of 172 and 4988.
172
What is the greatest common divisor of 365 and 73?
73
Calculate the greatest common divisor of 24 and 1352.
8
Calculate the highest common divisor of 159 and 12.
3
Calculate the highest common divisor of 6 and 19842.
6
What is the greatest common divisor of 812 and 84?
28
What is the greatest common factor of 940 and 580?
20
Calculate the greatest common divisor of 651 and 21.
21
What is the greatest common factor of 303 and 1919?
101
What is the greatest common factor of 164 and 1394?
82
What is the highest common factor of 3 and 3063?
3
Calculate the greatest common divisor of 375 and 165.
15
What is the highest common divisor of 66 and 8646?
66
What is the highest common factor of 67 and 3?
1
Calculate the greatest common factor of 9331 and 217.
217
Calculate the greatest common divisor of 144 and 9.
9
What is the highest common divisor of 1254 and 2850?
114
Calculate the highest common factor of 15 and 285.
15
What is the greatest common divisor of 3961 and 17?
17
Calculate the greatest common divisor of 133 and 2983.
19
Calculate the greatest common divisor of 140 and 1876.
28
Calculate the greatest common factor of 1620 and 15.
15
What is the greatest common factor of 64 and 25184?
32
Calculate the greatest common divisor of 20383 and 22.
11
Calculate the greatest common divisor of 62 and 217.
31
Calculate the highest common factor of 10309 and 507.
169
What is the greatest common factor of 1343 and 68?
17
What is the greatest common factor of 321 and 33?
3
What is the highest common factor of 80 and 440?
40
What is the highest common factor of 91 and 203?
7
What is the highest common divisor of 22 and 682?
22
Calculate the greatest common divisor of 7 and 68.
1
What is the greatest common factor of 900 and 9?
9
What is the highest common divisor of 5216 and 80?
16
What is the highest common factor of 1095 and 90?
15
What is the highest common divisor of 21 and 651?
21
Calculate the greatest common factor of 350 and 150.
50
What is the greatest common factor of 94 and 43522?
94
What is the highest common divisor of 49432 and 148?
148
What is the highest common factor of 70 and 854?
14
Calculate the greatest common factor of 96 and 24.
24
What is the highest common factor of 52 and 52?
52
What is the highest common divisor of 156 and 3?
3
Calculate the highest common divisor of 22 and 3839.
11
Calculate the highest common factor of 102 and 136.
34
Calculate the highest common divisor of 15 and 1905.
15
What is the highest common divisor of 18 and 18?
18
What is the greatest common divisor of 574 and 224?
14
What is the highest common divisor of 210 and 672?
42
What is the greatest common factor of 135 and 1998?
27
Calculate the greatest common divisor of 13 and 169.
13
Calculate the highest common factor of 189 and 4662.
63
Calculate the greatest common divisor of 22 and 330.
22
What is the greatest common factor of 9 and 2844?
9
Calculate the greatest common factor of 3472 and 620.
124
Calculate the highest common divisor of 51 and 6.
3
Calculate the greatest common divisor of 192 and 176.
16
What is the highest common divisor of 256 and 56?
8
What is the highest common divisor of 25 and 4775?
25
Calculate the highest common factor of 105 and 5397.
21
What is the highest common factor of 6077 and 206?
103
Calculate the greatest common divisor of 420 and 84.
84
Calculate the greatest common divisor of 299 and 65780.
299
What is the highest common divisor of 81 and 2538?
27
What is the greatest common factor of 8 and 664?
8
What is the highest common factor of 180 and 1140?
60
Calculate the highest common factor of 6270 and 60.
30
What is the highest common factor of 111 and 185?
37
Calculate the greatest common divisor of 1276 and 2204.
116
What is the greatest common factor of 17 and 2?
1
What is the greatest common divisor of 16 and 1712?
16
Calculate the highest common factor of 3904 and 64.
64
Calculate the highest common factor of 2036 and 